 3444?
2, 3, 7, 41
What are the prime factors of 6922?
2, 3461
What are the prime factors of 6927?
3, 2309
List the prime factors of 3408.
2, 3, 71
List the prime factors of 560.
2, 5, 7
What are the prime factors of 44409?
3, 113, 131
What are the prime factors of 4779?
3, 59
What are the prime factors of 194507?
194507
What are the prime factors of 60?
2, 3, 5
List the prime factors of 26238.
2, 3, 4373
List the prime factors of 549.
3, 61
List the prime factors of 22891.
11, 2081
List the prime factors of 10961.
97, 113
List the prime factors of 6783.
3, 7, 17, 19
List the prime factors of 129259.
13, 61, 163
List the prime factors of 7209.
3, 89
What are the prime factors of 1404?
2, 3, 13
List the prime factors of 2172.
2, 3, 181
List the prime factors of 56373.
3, 19, 23, 43
List the prime factors of 4868.
2, 1217
List the prime factors of 837.
3, 31
What are the prime factors of 14029?
14029
What are the prime factors of 1123?
1123
What are the prime factors of 6407?
43, 149
List the prime factors of 568.
2, 71
List the prime factors of 7831.
41, 191
List the prime factors of 4701.
3, 1567
What are the prime factors of 868?
2, 7, 31
What are the prime factors of 47562?
2, 3, 7927
List the prime factors of 484.
2, 11
List the prime factors of 54750.
2, 3, 5, 73
What are the prime factors of 172508?
2, 7, 61, 101
What are the prime factors of 778?
2, 389
List the prime factors of 12675.
3, 5, 13
List the prime factors of 1314.
2, 3, 73
What are the prime factors of 6240?
2, 3, 5, 13
What are the prime factors of 659?
659
What are the prime factors of 21430?
2, 5, 2143
List the prime factors of 7960.
2, 5, 199
What are the prime factors of 7599?
3, 17, 149
List the prime factors of 17921.
17921
What are the prime factors of 4040?
2, 5, 101
What are the prime factors of 3862?
2, 1931
What are the prime factors of 22594?
2, 11, 13, 79
List the prime factors of 72047.
72047
List the prime factors of 1399.
1399
What are the prime factors of 2995?
5, 599
List the prime factors of 16384.
2
What are the prime factors of 3661?
7, 523
List the prime factors of 17145.
3, 5, 127
What are the prime factors of 1705?
5, 11, 31
List the prime factors of 18544.
2, 19, 61
What are the prime factors of 761?
761
List the prime factors of 18273.
3, 6091
List the prime factors of 1481.
1481
What are the prime factors of 1344?
2, 3, 7
List the prime factors of 17268.
2, 3, 1439
What are the prime factors of 1410?
2, 3, 5, 47
List the prime factors of 2818.
2, 1409
What are the prime factors of 4840?
2, 5, 11
What are the prime factors of 19007?
83, 229
What are the prime factors of 3884?
2, 971
List the prime factors of 25828.
2, 11, 587
List the prime factors of 4467.
3, 1489
List the prime factors of 31941.
3, 7, 13
What are the prime factors of 4263?
3, 7, 29
List the prime factors of 15017.
15017
What are the prime factors of 3431?
47, 73
What are the prime factors of 1143?
3, 127
List the prime factors of 9798.
2, 3, 23, 71
What are the prime factors of 10106?
2, 31, 163
List the prime factors of 1409.
1409
List the prime factors of 198.
2, 3, 11
List the prime factors of 76.
2, 19
What are the prime factors of 1173?
3, 17, 23
List the prime factors of 2147.
19, 113
List the prime factors of 3229.
3229
List the prime factors of 935.
5, 11, 17
List the prime factors of 24198.
2, 3, 37, 109
What are the prime factors of 6183?
3, 229
What are the prime factors of 552?
2, 3, 23
List the prime factors of 4799.
4799
List the prime factors of 64337.
7, 13, 101
List the prime factors of 19960.
2, 5, 499
What are the prime factors of 3167?
3167
List the prime factors of 962.
2, 13, 37
List the prime factors of 71724.
2, 3, 43, 139
What are the prime factors of 377?
13, 29
List the prime factors of 694.
2, 347
List the prime factors of 12905.
5, 29, 89
What are the prime factors of 68242?
2, 149, 229
List the prime factors of 23379.
3, 7793
What are the prime factors of 55714?
2, 89, 313
List the prime factors of 26157.
3, 8719
What are the prime factors of 19511?
109, 179
List the prime factors of 1157.
13, 89
List the prime factors of 19820.
2, 5, 991
List the prime factors of 62.
2, 31
What are the prime factors of 15093?
3, 13, 43
What are the prime factors of 23257?
13, 1789
List the prime factors of 4077.
3, 151
What are the prime factors of 5735?
5, 31, 37
What are the prime factors of 498?
2, 3, 83
List the prime factors of 749.
7, 107
What are the prime factors of 9748?
2, 2437
List the prime factors of 9650.
2, 5, 193
List the prime factors of 52220.
2, 5, 7, 373
What are the prime factors of 97315?
5, 19463
What are the prime factors of 3889?
3889
List the prime factors of 2749.
2749
List the prime factors of 2231.
23, 97
What are the prime factors of 4452?
2, 3, 7, 53
What are the prime factors of 2651?
11, 241
What are the prime factors of 8?
2
What are the prime factors of 45531?
3, 5059
What are the prime factors of 6499?
67, 97
List the prime factors of 5982.
2, 3, 997
List the prime factors of 4405.
5, 881
What are the prime factors of 8443?
8443
List the prime factors of 752.
2, 47
List the prime factors of 3717.
3, 7, 59
List the prime factors of 6823.
6823
List the prime factors of 25.
5
What are the prime factors of 22807?
22807
List the prime factors of 54201.
3, 7, 29, 89
What are the prime factors of 870?
2, 3, 5, 29
What are the prime factors of 1778?
2, 7, 127
List the prime factors of 79299.
3, 11, 89
What are the prime factors of 26477?
11, 29, 83
What are the prime factors of 3380?
2, 5, 13
What are the prime factors of 41616?
2, 3, 17
List the prime factors of 12617.
11, 31, 37
What are the prime factors of 6878?
2, 19, 181
What are the prime factors of 69405?
3, 5, 7, 661
List the prime factors of 13647.
3, 4549
List the prime factors of 1118.
2, 13, 43
List the prime factors of 5979.
3, 1993
What are the prime factors of 9647?
11, 877
List the prime factors of 6727.
7, 31
What are the prime factors of 32987?
32987
What are the prime factors of 2318?
2, 19, 61
What are the prime factors of 13657?
7, 1951
What are the prime factors of 1419?
3, 11, 43
List the prime factors of 3106.
2, 1553
What are the prime factors of 296?
2, 37
What are the prime factors of 2527?
7, 19
List the prime factors of 16432.
2, 13, 79
List the prime factors of 2280.
2, 3, 5, 19
List the prime factors of 655.
5, 131
List the prime factors of 3682.
2, 7, 263
What are the prime factors of 676?
2, 13
List the prime factors of 56.
2, 7
List the prime factors of 9729.
3, 23, 47
List the prime factors of 2243.
2243
What are the prime factors of 59333?
59333
List the prime factors of 929.
929
List the prime factors of 1321.
1321
What are the prime factors of 4457?
4457
List the prime factors of 16698.
2, 3, 11, 23
List the prime factors of 14533.
14533
List the prime factors of 4754.
2, 2377
List the prime factors of 838.
2, 419
List the prime factors of 362.
2, 181
What are the prime factors of 4282?
2, 2141
What are the prime factors of 728?
2, 7, 13
What are the prime factors of 47291?
19, 131
List the prime factors of 112517.
37, 3041
What are the prime factors of 4257?
3, 11, 43
What are the prime factors of 13069?
7, 1867
List the prime factors of 8414.
2, 7, 601
What are the prime factors of 9924?
2, 3, 827
What are the prime factors of 1005?
3, 5, 67
What are the prime factors of 3070?
2, 5, 307
List the prime factors of 1839.
3, 613
What are the prime factors of 2291?
29, 79
What are the prime factors of 32024?
2, 4003
List the prime factors of 2203.
2203
List the prime factors of 652.
2, 163
List the prime factors of 53978.
2, 137, 197
List the prime factors of 740.
2, 5, 37
What are the prime factors of 55264?
2, 11, 157
What are the prime factors of 340?
2, 5, 17
What are the prime factors of 1942?
2, 971
What are the prime factors of 956?
2, 239
What are the prime factors of 9827?
31, 317
List the prime factors of 11133.
3, 1237
What are the prime factors of 2783?
11, 23
List the prime factors of 2892.
2, 3, 241
What are the prime factors of 23161?
19, 23, 53
List the prime factors of 3836.
2, 7, 137
What are the prime factors of 135712?
2, 4241
What are the prime factors of 105288?
2, 3, 41, 107
What are the prime factors of 5249?
29, 181
What are